{"id":115,"date":"2023-08-27T16:53:24","date_gmt":"2023-08-27T14:53:24","guid":{"rendered":"https:\/\/cirkau.art\/o\/?page_id=115"},"modified":"2023-08-29T11:58:45","modified_gmt":"2023-08-29T09:58:45","slug":"grand-livre-rose","status":"publish","type":"page","link":"https:\/\/cirkau.art\/o\/grand-livre-rose\/","title":{"rendered":"Grand Livre Rose"},"content":{"rendered":"\n<div class=\"wp-block-buttons is-horizontal is-content-justification-center is-layout-flex wp-container-core-buttons-is-layout-499968f5 wp-block-buttons-is-layout-flex\">\n<div class=\"wp-block-button\"><a class=\"wp-block-button__link wp-element-button\" href=\"https:\/\/cirkau.art\/o\/clownistan-kesako\/\">Clownistan Kesako?<\/a><\/div>\n\n\n\n<div class=\"wp-block-button\"><a class=\"wp-block-button__link wp-element-button\" href=\"https:\/\/cirkau.art\/o\/grand-livre-rose\/outils\/\">Outils<\/a><\/div>\n\n\n\n<div class=\"wp-block-button\"><a class=\"wp-block-button__link wp-element-button\" href=\"https:\/\/cirkau.art\/o\/exercices\/\">Exercices<\/a><\/div>\n\n\n\n<div class=\"wp-block-button\"><a class=\"wp-block-button__link wp-element-button\" href=\"https:\/\/cirkau.art\/o\/clownistan-en-progres\/\">Chansons<\/a><\/div>\n<\/div>\n\n\n<form role=\"search\" method=\"get\" action=\"https:\/\/cirkau.art\/o\/\" class=\"wp-block-search__button-outside wp-block-search__icon-button alignright wp-block-search\"    ><label class=\"wp-block-search__label screen-reader-text\" for=\"wp-block-search__input-1\" >Search<\/label><div class=\"wp-block-search__inside-wrapper \"  style=\"width: 302px\"><input class=\"wp-block-search__input\" id=\"wp-block-search__input-1\" placeholder=\"\" value=\"\" type=\"search\" name=\"s\" required  style=\"border-width: 1px\"\/><button aria-label=\"Search\" class=\"wp-block-search__button has-icon wp-element-button\" type=\"submit\"  style=\"border-width: 1px\"><svg class=\"search-icon\" viewBox=\"0 0 24 24\" width=\"24\" height=\"24\">\n\t\t\t\t\t<path d=\"M13 5c-3.3 0-6 2.7-6 6 0 1.4.5 2.7 1.3 3.7l-3.8 3.8 1.1 1.1 3.8-3.8c1 .8 2.3 1.3 3.7 1.3 3.3 0 6-2.7 6-6S16.3 5 13 5zm0 10.5c-2.5 0-4.5-2-4.5-4.5s2-4.5 4.5-4.5 4.5 2 4.5 4.5-2 4.5-4.5 4.5z\"><\/path>\n\t\t\t\t<\/svg><\/button><\/div><\/form>\n\n\n<div class=\"wp-block-group is-vertical is-layout-flex wp-container-core-group-is-layout-8cf370e7 wp-block-group-is-layout-flex\">\n<h2 class=\"wp-block-heading\">Remachage<\/h2>\n\n\n\n<p>Le <strong>Grand Livre Rose<\/strong> est \u00e0 la base un livret destin\u00e9 aux <em>Brigades Activiste de Clowns<\/em>.<br>On y trouve de tout, mais surtout comment se nezformer, d\u00e9former une brigade, entrainer son clown, \u00eatre en choeur, pr\u00e9parer une action et sans doute encore pleins d&rsquo;autres choses.<br><br>La premi\u00e8re version du Grand Livre Rose est disponnible sur : <a href=\"http:\/\/grandlivrerose.free.fr\/\">grandlivrerose.free.fr<\/a><\/p>\n<\/div>\n","protected":false},"excerpt":{"rendered":"<p>Remachage Le Grand Livre Rose est \u00e0 la base un livret destin\u00e9 aux Brigades Activiste de Clowns.On y trouve de tout, mais surtout comment se nezformer, d\u00e9former une brigade, entrainer&hellip; <a class=\"more-link\" href=\"https:\/\/cirkau.art\/o\/grand-livre-rose\/\">Poursuivre la lecture <span class=\"screen-reader-text\">Grand Livre Rose<\/span><\/a><\/p>\n","protected":false},"author":2,"featured_media":0,"parent":0,"menu_order":0,"comment_status":"closed","ping_status":"closed","template":"","meta":{"_uag_custom_page_level_css":"","footnotes":""},"class_list":["post-115","page","type-page","status-publish","hentry","entry"],"uagb_featured_image_src":{"full":false,"thumbnail":false,"medium":false,"medium_large":false,"large":false,"1536x1536":false,"2048x2048":false,"post-thumbnail":false},"uagb_author_info":{"display_name":"Pan hEros","author_link":"https:\/\/cirkau.art\/o\/blog\/author\/pan_heros\/"},"uagb_comment_info":0,"uagb_excerpt":"Remachage Le Grand Livre Rose est \u00e0 la base un livret destin\u00e9 aux Brigades Activiste de Clowns.On y trouve de tout, mais surtout comment se nezformer, d\u00e9former une brigade, entrainer&hellip; Poursuivre la lecture Grand Livre Rose","_links":{"self":[{"href":"https:\/\/cirkau.art\/o\/wp-json\/wp\/v2\/pages\/115","targetHints":{"allow":["GET"]}}],"collection":[{"href":"https:\/\/cirkau.art\/o\/wp-json\/wp\/v2\/pages"}],"about":[{"href":"https:\/\/cirkau.art\/o\/wp-json\/wp\/v2\/types\/page"}],"author":[{"embeddable":true,"href":"https:\/\/cirkau.art\/o\/wp-json\/wp\/v2\/users\/2"}],"replies":[{"embeddable":true,"href":"https:\/\/cirkau.art\/o\/wp-json\/wp\/v2\/comments?post=115"}],"version-history":[{"count":9,"href":"https:\/\/cirkau.art\/o\/wp-json\/wp\/v2\/pages\/115\/revisions"}],"predecessor-version":[{"id":241,"href":"https:\/\/cirkau.art\/o\/wp-json\/wp\/v2\/pages\/115\/revisions\/241"}],"wp:attachment":[{"href":"https:\/\/cirkau.art\/o\/wp-json\/wp\/v2\/media?parent=115"}],"curies":[{"name":"wp","href":"https:\/\/api.w.org\/{rel}","templated":true}]}}